12 a factor of 2969626?
False
Is 238 a factor of 485983?
False
Is 4464317 a multiple of 115?
False
Is 34725 a multiple of 3?
True
Is 11 a factor of 546703?
False
Does 44 divide 799231?
False
Does 515 divide 165341?
False
Does 89 divide 571402?
False
Is 50479 a multiple of 41?
False
Does 14 divide 67788?
True
Is 318 a factor of 133560?
True
Does 12 divide 221268?
True
Is 29 a factor of 79982?
True
Does 37 divide 3002069?
True
Is 194 a factor of 17072?
True
Is 382 a factor of 373695?
False
Does 24 divide 112008?
True
Is 57 a factor of 13233120?
True
Is 100 a factor of 588229?
False
Is 146311 a multiple of 43?
False
Does 21 divide 26418?
True
Does 6 divide 212277?
False
Is 6 a factor of 1654176?
True
Does 328 divide 457?
False
Does 9 divide 412551?
True
Does 52 divide 206596?
True
Is 200 a factor of 11722600?
True
Does 83 divide 2332798?
True
Is 83082 a multiple of 61?
True
Does 811 divide 3707011?
False
Is 15636537 a multiple of 676?
False
Does 118 divide 2566146?
True
Is 210868 a multiple of 191?
False
Does 228 divide 410172?
True
Is 292951 a multiple of 220?
False
Is 787873 a multiple of 6?
False
Is 178 a factor of 146672?
True
Is 233 a factor of 526347?
True
Does 40 divide 124987?
False
Is 10190 a multiple of 3?
False
Is 516421 a multiple of 25?
False
Does 131 divide 190343?
True
Is 79 a factor of 204268?
False
Is 907 a factor of 1708788?
True
Is 18 a factor of 99180?
True
Is 74336 a multiple of 46?
True
Does 173 divide 455855?
True
Is 219700 a multiple of 13?
True
Is 23 a factor of 348604?
False
Is 13 a factor of 625785?
False
Does 12 divide 19954704?
True
Does 18 divide 324630?
True
Does 276 divide 1679654?
False
Does 196 divide 3386880?
True
Is 16 a factor of 105693?
False
Is 16409 a multiple of 2?
False
Is 429903 a multiple of 81?
False
Does 21 divide 197042?
False
Is 1176 a multiple of 14?
True
Is 241686 a multiple of 29?
True
Is 16 a factor of 3954448?
True
Does 640 divide 6884762?
False
Is 392 a factor of 446096?
True
Does 47 divide 605690?
False
Is 833 a factor of 10312540?
True
Is 2792173 a multiple of 298?
False
Is 77713 a multiple of 8?
False
Is 452 a factor of 26185716?
True
Is 632212 a multiple of 33?
False
Is 20016158 a multiple of 19?
True
Does 29 divide 101645?
True
Is 357 a factor of 5954760?
True
Does 27 divide 925128?
True
Does 91 divide 10972052?
True
Is 6162200 a multiple of 44?
True
Is 161910 a multiple of 202?
False
Is 3001040 a multiple of 40?
True
Is 830749 a multiple of 22?
False
Is 170 a factor of 124964?
False
Is 7062 a multiple of 91?
False
Is 58 a factor of 166530?
False
Is 94716 a multiple of 36?
True
Is 18000 a multiple of 9?
True
Is 100062 a multiple of 17?
True
Does 103 divide 634403?
False
Is 39 a factor of 280722?
True
Is 84 a factor of 107520?
True
Is 1174115 a multiple of 43?
True
Is 55983 a multiple of 25?
False
Is 1288084 a multiple of 514?
True
Is 16 a factor of 4550688?
True
Is 32 a factor of 500160?
True
Is 2430099 a multiple of 17?
True
Is 693 a factor of 3835755?
True
Is 27300 a multiple of 81?
False
Does 5 divide 48800?
True
Is 1048938 a multiple of 506?
True
Does 20 divide 375415?
False
Does 29 divide 991191?
True
Does 19 divide 991268?
True
Is 160439 a multiple of 243?
False
Is 16 a factor of 313696?
True
Does 11 divide 1252614?
True
Is 45117 a multiple of 81?
True
Is 14820 a multiple of 5?
True
Does 1084 divide 2755504?
False
Is 18886 a multiple of 10?
False
Is 2295056 a multiple of 1085?
False
Does 836 divide 10369322?
False
Does 117 divide 177606?
True
Is 5807570 a multiple of 5?
True
Does 1388 divide 2471355?
False
Is 22 a factor of 138298?
False
Does 16 divide 170965?
False
Does 21 divide 9443647?
False
Is 1105758 a multiple of 27?
True
Is 212 a factor of 149207?
False
Does 874 divide 6644019?
False
Is 956817 a multiple of 9?
True
Is 148 a factor of 87690?
False
Is 796536 a multiple of 138?
True
Does 45 divide 1241411?
False
Is 389949 a multiple of 139?
False
Is 66048 a multiple of 64?
True
Does 106 divide 7221780?
True
Is 44 a factor of 2308944?
True
Is 121321 a multiple of 4?
False
Is 2019986 a multiple of 9?
False
Is 160059 a multiple of 323?
False
Is 1751241 a multiple of 713?
False
Does 330 divide 904530?
True
Does 13 divide 75674?
False
Is 1131323 a multiple of 283?
False
Is 170324 a multiple of 98?
True
Is 24 a factor of 1060200?
True
Does 51 divide 270965?
False
Is 25 a factor of 5881150?
True
Does 1460 divide 9486910?
False
Is 16767 a multiple of 7?
False
Is 3687666 a multiple of 23?
False
Does 56 divide 136425?
False
Is 3439 a multiple of 48?
False
Does 451 divide 1394492?
True
Is 50 a factor of 58054?
False
Does 10 divide 186110?
True
Is 128495 a multiple of 79?
False
Is 103617 even?
False
Is 536828 a multiple of 7?
False
Is 13 a factor of 233090?
True
Is 5 a factor of 1505839?
False
Is 640 a factor of 251867?
False
Does 107 divide 3017400?
True
Is 1247350 a multiple of 505?
True
Is 12 a factor of 3636?
True
Is 2418384 a multiple of 16?
True
Is 253 a factor of 1518?
True
Is 64 a factor of 1752929?
False
Does 276 divide 2220420?
True
Is 34742 a multiple of 39?
False
Does 78 divide 308974?
False
Does 50 divide 539200?
True
Does 1739 divide 11825656?
False
Is 79999 a multiple of 345?
False
Does 158 divide 237948?
True
Is 419 a factor of 340647?
True
Does 385 divide 231770?
True
Is 207229 a multiple of 11?
True
Is 398 a factor of 68548?
False
Does 97 divide 882506?
True
Does 40 divide 1220200?
True
Does 354 divide 866417?
False
Is 2182 a multiple of 4?
False
Is 65 a factor of 9415445?
True
Does 17 divide 324167?
False
Does 50 divide 67591?
False
Is 73 a factor of 1301444?
True
Is 18 a factor of 2012336?
False
Does 498 divide 7982485?
False
Does 8 divide 57184?
True
Is 1402702 a multiple of 22?
False
Is 1628782 a multiple of 521?
False
Is 94 a factor of 280496?
True
Is 9725843 a multiple of 105?
False
Does 19 divide 11902112?
False
Is 40628 a multiple of 3?
False
Is 26 a factor of 49475?
False
Is 230 a factor of 27695910?
True
Is 5564 a multiple of 26?
True
Does 27 divide 370737?
True
Does 65 divide 297440?
True
Is 124534 a multiple of 250?
False
Is 348661 a multiple of 9?
False
Does 14 divide 375410?
True
Does 20 divide 3750097?
False
Does 15 divide 187043?
False
Is 664962 a multiple of 361?
True
Does 17 divide 129411?
False
Does 7 divide 23316?
False
Is 52 a factor of 8196604?
True
Is 12 a factor of 30285?
False
Is 19869899 a multiple of 26?
False
Is 83853 a multiple of 363?
True
Does 54 divide 141372?
True
Does 102 divide 1845?
False
Is 40562 a multiple of 266?
False
Does 82 divide 1048858?
False
Does 1086 divide 1532346?
True
Is 234 a factor of 1709136?
True
Is 64 a factor of 6558242?
False
Is 5 a factor of 29236?
False
Is 46355 a multiple of 73?
True
Is 5 a factor of 30983?
False
Does 21 divide 312039?
True
Is 1038571 a multiple of 41?
True
Does 16 divide 101704?
False
Does 12 divide 87384?
True
Is 5994212 a multiple of 177?
False
Does 1635 divide 410155?
False
Is 3 a factor of 36247?
False
Is 112 a factor of 135735?
False
Is 3184080 a multiple of 120?
True
Does 217 divide 2322128?
False
Is 67 a factor of 3239182?
True
Is 17026 a multiple of 62?
False
Is 19 a factor of 443733?
False
Is 2479386 a multiple of 1434?
True
Is 625 a factor of 267500?
True
Is 156 a factor of 2581443?
False
Does 48 divide 2977250?
False
Is 2404973 a multiple of 733?
True
Is 10094129 a multiple of 129?
False
Is 65 a factor of 4468184?
False
Is 457 a factor of 3331910?
False
Is 6481917 a multiple of 1593?
True
Does 22 divide 3619528?
True
Is 42 a factor of 3241560?
True
Is 529 a factor of 813510?
False
Does 3 divide 7982?
False
Is 29 a factor of 1722093?
False
Is 436 a factor of 915989?
False
Is 725400 a multiple of 93?
True
Does 2 divide 164033?
False
Is 169 a factor of 4305156?
False
Does 6 divide 110486?
False
Is 9748134 a multiple of 22?
True
Is 22 a factor of 1309594?
True
Does 48 divide 48384?
True
Is 79 a factor of 33022?
True
Is 476 a factor of 7418814?
False
Is 159 a factor of 79772?
False
Is 795228 a multiple of 941?
False
Does 6 divide 13182?
True
Is 1133 a factor of 712046?
False
Is 249469 a multiple of 13?
False
Does 257 divide 174080?
False
Does 25 divide 185325?
True
Is 1050738 a multiple of 13?
True
Is 58939 a multiple of 247?
False
Is 163 a factor of 395764?
True
Does 434 divide 25389